) to base 16
-157
What is -878 (base 16) in base 14?
-b0c
Convert 44 (base 13) to base 7.
110
513 (base 12) to base 13
447
Convert 3408 (base 12) to base 6.
42412
Convert -589 (base 13) to base 7.
-2536
Convert 11101011110 (base 2) to base 13.
b21
-7c (base 15) to base 10
-117
What is 2022221000 (base 3) in base 9?
68830
Convert -5334 (base 12) to base 9.
-13444
Convert 403402 (base 5) to base 9.
18718
What is -1a1 (base 16) in base 12?
-2a9
What is -3221 (base 4) in base 10?
-233
Convert 828 (base 10) to base 5.
11303
Convert 68b4 (base 14) to base 9.
26851
Convert -2112000000 (base 3) to base 7.
-264345
-27363 (base 9) to base 16
-485d
What is -212012200 (base 3) in base 7?
-100221
102606 (base 9) to base 10
60999
Convert -aa42 (base 13) to base 6.
-301442
132010 (base 4) to base 2
11110000100
What is 6cc (base 13) in base 4?
102132
-101410 (base 5) to base 3
-11121021
Convert 73 (base 8) to base 4.
323
What is -32be (base 16) in base 8?
-31276
11031 (base 4) to base 11
283
-1000100001111 (base 2) to base 6
-32115
Convert 2020101022 (base 3) to base 5.
2402033
-3148 (base 14) to base 11
-6420
Convert 31 (base 10) to base 12.
27
What is -25615 (base 8) in base 12?
-6551
2151 (base 7) to base 9
1046
781 (base 14) to base 7
4221
What is a60 (base 14) in base 7?
5650
161343 (base 7) to base 9
47470
What is -52c (base 16) in base 15?
-5d4
What is -166 (base 8) in base 12?
-9a
Convert 1c3 (base 13) to base 9.
404
What is -25043 (base 6) in base 3?
-12002000
Convert 23201 (base 8) to base 4.
2122001
What is 1845 (base 9) in base 11?
107a
What is -25533 (base 6) in base 12?
-22a9
Convert -10011101110000010 (base 2) to base 9.
-132714
Convert -3311 (base 6) to base 4.
-23323
21023 (base 4) to base 5
4322
Convert -58 (base 10) to base 15.
-3d
What is 210031 (base 4) in base 11?
1817
What is 1a73 (base 13) in base 10?
3981
What is 30243 (base 5) in base 14?
9d2
8a (base 16) to base 4
2022
What is 2308 (base 9) in base 16?
6ad
-14a (base 16) to base 8
-512
Convert -157061 (base 8) to base 14.
-16a2d
101100111110 (base 2) to base 12
17ba
Convert -8cb (base 15) to base 13.
-ba2
-2e72 (base 16) to base 3
-121022101
Convert 100101 (base 3) to base 6.
1101
What is 1063 (base 14) in base 11?
2144
Convert -11444 (base 5) to base 8.
-1552
-5036 (base 7) to base 2
-11011001110
Convert -1010111100 (base 2) to base 12.
-4a4
What is a17 (base 13) in base 14?
8a2
What is 41b (base 14) in base 13?
4a3
Convert c3c (base 14) to base 4.
211212
-46 (base 15) to base 8
-102
54a (base 14) to base 2
10000010110
What is 3de (base 16) in base 2?
1111011110
38b2 (base 13) to base 4
1332120
Convert -12323 (base 6) to base 11.
-1433
What is 1001100101110101 (base 2) in base 5?
2224120
What is -24646 (base 11) in base 4?
-20220312
43b6 (base 14) to base 9
17066
Convert -26a95 (base 12) to base 7.
-311444
1c4 (base 14) to base 6
1412
9c23 (base 14) to base 5
1331304
What is 2112 (base 4) in base 13?
b7
22514 (base 11) to base 4
13330310
What is -19a5 (base 13) in base 12?
-2291
10010110100 (base 2) to base 13
718
-2132200 (base 4) to base 14
-39a8
Convert 1202220 (base 3) to base 2.
10100001101
Convert -125a1 (base 11) to base 4.
-10121203
-12001 (base 5) to base 9
-1173
Convert -12a2 (base 13) to base 10.
-2667
-1010111010 (base 2) to base 9
-855
Convert -1424 (base 5) to base 8.
-357
2211112110 (base 3) to base 14
16494
Convert 33 (base 10) to base 11.
30
What is 33 (base 16) in base 4?
303
-847 (base 9) to base 13
-412
3200 (base 5) to base 10
425
Convert 240122 (base 7) to base 14.
11ab9
Convert 1672 (base 8) to base 5.
12304
3208 (base 9) to base 5
33412
20112 (base 4) to base 10
534
What is -11201202121 (base 3) in base 2?
-10110101111010011
What is 555 (base 12) in base 16?
311
-4a9 (base 14) to base 3
-1021120
Convert -645 (base 9) to base 7.
-1352
-4215 (base 8) to base 9
-3002
-172 (base 10) to base 7
-334
What is -60 (base 13) in base 6?
-210
What is -2a05 (base 11) in base 10?
-3877
Convert 444 (base 11) to base 10.
532
What is -74d (base 16) in base 6?
-12353
What is 409 (base 11) in base 9?
607
What is -213022 (base 6) in base 9?
-26015
Convert -3733 (base 11) to base 12.
-29a4
21103 (base 4) to base 15
29a
What is 2469 (base 10) in base 8?
4645
What is 13809 (base 14) in base 4?
23301201
bc3 (base 14) to base 2
100100010111
What is 838 (base 12) in base 8?
2254
What is -354 (base 12) in base 3?
-200101
Convert 261 (base 12) to base 7.
1024
Convert 94e (base 15) to base 16.
833
10001001101000 (base 2) to base 10
8808
Convert 220112 (base 3) to base 13.
3bc
Convert 1c7 (base 13) to base 2.
101001100
What is -11b2 (base 13) in base 4?
-213033
-2223 (base 6) to base 5
-4034
353 (base 13) to base 7
1451
Convert -5855 (base 11) to base 9.
-11476
Convert -2344 (base 5) to base 3.
-110221
What is 101111010011101 (base 2) in base 14?
8b81
Convert 38884 (base 9) to base 5.
1314424
What is -202414 (base 5) in base 14?
-25a1
What is -20260 (base 7) in base 11?
-3793
Convert -20122 (base 5) to base 2.
-10100000111
What is -5941 (base 11) in base 9?
-11614
1854 (base 9) to base 2
10110010010
What is a6f (base 16) in base 4?
221233
11c87 (base 15) to base 6
1115031
What is 6777 (base 12) in base 3?
120201201
Convert -712 (base 14) to base 16.
-56c
Convert 11320110 (base 4) to base 10.
24084
Convert -2649 (base 13) to base 15.
-1949
24a6 (base 13) to base 9
7124
Convert 20630 (base 7) to base 5.
130432
What is -14b9a (base 13) in base 2?
-1001100110100111
Convert -278 (base 9) to base 7.
-452
-578 (base 9) to base 8
-734
-222021 (base 3) to base 8
-1305
-11100002 (base 3) to base 2
-110001011001
Convert -232043 (base 5) to base 3.
-102112001
What is 12132002 (base 4) in base 2?
110011110000010
Convert -12873 (base 9) to base 16.
-221d
Convert -72687 (base 10) to base 3.
-10200201010
What is -1111000 (base 3) in base 10?
-1080
Convert -a04 (base 11) to base 14.
-62a
What is 96 (base 13) in base 6?
323
What is 14505 (base 6) in base 14?
bd7
-179 (base 10) to base 11
-153
-144322 (base 5) to base 4
-1201010
-131310 (base 6) to base 11
-9014
What is -233211 (base 5) in base 16?
-216c
Convert -13031103 (base 4) to base 14.
-aa8b
What is -4a3 (base 11) in base 16?
-255
What is 35104 (base 12) in base 9?
117344
What is 5b0 (base 16) in base 9?
1887
Convert -23421 (base 5) to base 2.
-11011001000
What is 13520 (base 10) in base 15?
4015
114322 (base 5) to base 3
12221122
What is -1437 (base 12) in base 11?
-1844
11010111100011 (base 2) to base 13
6382
What is 1661 (base 15) in base 8?
11320
What is 627a (base 15) in base 3?
1001112221
40131 (base 5) to base 3
10111010
7 (base 10) to base 11
7
Convert -4142 (base 5) to base 7.
-1411
Convert -2010201111 (base 3) to base 15.
-c704
-784 (base 13) to base 10
-1291
Convert -272 (base 14) to base 8.
-754
10110011001011000 (base 2) to base 9
148748
What is -44637 (base 8) in base 5?
-1100342
What is 34499 (base 10) in base 6?
423415
What is -18a5 (base 11) in base 12?
-1492
What is 2121 (base 3) in base 15?
4a
What is -bb7 (base 14) in base 8?
-4415
Convert 1324555 (base 6) to base 13.
276aa
38a8 (base 12) to base 13
2c33
1250 (base 7) to base 9
578
Convert -24651 (base 8) to base 3.
-112122000
2616 (base 15) to base 2
1111110111001
What is -12e (base 15) in base 4?
-10031
What is 51865 (base 10) in base 3?
2122010221
Convert -25203 (base 7) to base 4.
-1213122
Convert -41f (base 16) to base 6.
-4515
-124112 (base 5) to base 4
-1030223
a08 (base 14) to base 15
8b3
What is 1016 (base 10) in base 14?
528
Convert -122334 (base 5) to base 14.
-1a11
What is -2056 (base 11) in base 5?
-41343
100132 (base 5) to base 14
1223
What is -150 (base 9) in base 2?
-1111110
Convert 1956 (base 11) to base 12.
1529
What is 13120 (base 5) in base 11?
861
What is 13ada (base 15) in base 16?
f6e5
What is 749 (base 11) in base 9?
1210
Convert 10601 (base 11) to base 10.
15368
Convert -1bd (base 14) to base 10.
-363
Convert 1111011011001 (base 2) to base 3.
101211111
Convert 1509 (base 14) to base 16.
e95
What is -d614 (base 15) in base 8?
-130274
Convert -2c7b (base 13) to base 7.
-25010
What is 2571 (base 8) in base 4?
111321
What is -445331 (base 6) in base 4?
-21021313
1000121 (base 3) to base 14
3b3
3647 (base 11) to base 14
1a4a
-5456 (base 12) to base 13
-42